?
True
Is 1812451969 a prime number?
False
Is 142671317 composite?
True
Is 39172582159 composite?
True
Is 31662165449 prime?
False
Is 820831513 a prime number?
True
Is 17140025335 prime?
False
Is 11899213273 composite?
True
Is 7612256101 composite?
False
Is 1672173157 a prime number?
True
Is 18349701697 prime?
True
Is 211540921 a composite number?
False
Is 21766597 composite?
False
Is 131326771777 prime?
True
Is 16376305151 a composite number?
False
Is 65257878661 a prime number?
False
Is 36767517877 a prime number?
False
Is 4757017409 a composite number?
False
Is 450859517 a composite number?
False
Is 6582805837 a composite number?
False
Is 26818377889 composite?
False
Is 33292429591 a composite number?
False
Is 2112807 composite?
True
Is 48441525937 composite?
True
Is 10190514133 a composite number?
True
Is 98466119 a prime number?
True
Is 172545970061 a prime number?
True
Is 170939753 a prime number?
True
Is 2806211273 composite?
False
Is 14623347103 a prime number?
True
Is 5246742461 a prime number?
True
Is 1153718899 a composite number?
True
Is 3728928419 prime?
False
Is 877334567 prime?
False
Is 45081058523 a composite number?
False
Is 2708080689 composite?
True
Is 2864044861 a composite number?
False
Is 234967127 a prime number?
False
Is 1525575647 a prime number?
True
Is 13777813391 a composite number?
False
Is 618688699 composite?
False
Is 3129278389 a composite number?
False
Is 14930097773 prime?
True
Is 191951293 a composite number?
True
Is 132847750615 a composite number?
True
Is 492478111 a composite number?
False
Is 5953592527 a prime number?
False
Is 133363921679 a composite number?
False
Is 151988760131 prime?
False
Is 10494505379 composite?
False
Is 14585134153 prime?
True
Is 2565666319 composite?
True
Is 80650399 composite?
False
Is 1213439641 composite?
True
Is 2965789297 a prime number?
True
Is 150149107 a composite number?
True
Is 4278350383 prime?
True
Is 7168660951 a prime number?
False
Is 4904813899 prime?
True
Is 827210161 prime?
True
Is 8977702037 composite?
False
Is 38624227907 a prime number?
True
Is 19633351193 composite?
False
Is 2052072551 prime?
False
Is 5706978742 prime?
False
Is 6901145897 composite?
False
Is 3624366269 prime?
False
Is 570776099 prime?
False
Is 570878353 a prime number?
True
Is 749235023 a composite number?
False
Is 246748771 a composite number?
False
Is 35400363041 a prime number?
True
Is 21265745609 a prime number?
False
Is 3034746163 a composite number?
True
Is 27928270003 a composite number?
False
Is 1025447567 a composite number?
False
Is 11388345083 composite?
False
Is 7416791 composite?
False
Is 9289215443 a prime number?
True
Is 1796253631 a prime number?
False
Is 8012795123 prime?
True
Is 57645684497 a composite number?
True
Is 445622453 a prime number?
False
Is 191275283 a composite number?
True
Is 699028633 prime?
False
Is 6623647039 a prime number?
False
Is 39201898553 composite?
True
Is 823858532083 prime?
True
Is 202685911 composite?
False
Is 6279228911 a prime number?
True
Is 236650837 a composite number?
False
Is 2021126411 prime?
False
Is 183334199 a composite number?
False
Is 4371788767 prime?
True
Is 4562017261 prime?
True
Is 1703297627 a prime number?
False
Is 52285873 prime?
True
Is 3778095137 a prime number?
True
Is 33130681073 a prime number?
False
Is 9650538599 prime?
False
Is 94424781481 prime?
False
Is 1104829489 a composite number?
False
Is 1425640441 prime?
False
Is 2036031707 a composite number?
True
Is 2641409047 a composite number?
True
Is 21142430261 a prime number?
True
Is 170366895619 a composite number?
False
Is 17328709 a composite number?
False
Is 1061699411 prime?
True
Is 100934968889 prime?
True
Is 34637512757 a prime number?
True
Is 12310411 prime?
True
Is 15772944227 a composite number?
True
Is 3420582821 prime?
False
Is 6179444561 composite?
False
Is 8425827023 prime?
True
Is 292487951 a prime number?
False
Is 93673237 a prime number?
False
Is 1287216547 a composite number?
False
Is 276238099 a prime number?
True
Is 23709090289 prime?
True
Is 3836697401 composite?
True
Is 1488472049 a composite number?
True
Is 726229011 composite?
True
Is 452880733 prime?
False
Is 266796886 a composite number?
True
Is 852968359 a composite number?
False
Is 3644767351 composite?
False
Is 2869230443 a prime number?
False
Is 63930182765 composite?
True
Is 64482349187 a composite number?
False
Is 1805916949 composite?
False
Is 98565763973 a prime number?
True
Is 361399463 a composite number?
False
Is 356194141 composite?
True
Is 15699758883 a composite number?
True
Is 103610599 composite?
True
Is 587749433 composite?
True
Is 12399234893 composite?
False
Is 751483093 a prime number?
False
Is 534413771 a composite number?
False
Is 641529313 a composite number?
False
Is 39148969 a composite number?
True
Is 104473133311 a composite number?
True
Is 2494414429 prime?
False
Is 720216817 composite?
False
Is 6316515349 a prime number?
True
Is 17603771551 a composite number?
False
Is 6224835011 a composite number?
True
Is 1194566609 a composite number?
False
Is 832100179 prime?
True
Is 2393232599 prime?
True
Is 9398031637 a prime number?
False
Is 9765365501 composite?
False
Is 2262686677 a composite number?
False
Is 222541531 composite?
True
Is 901503521 a composite number?
False
Is 14409410143 a prime number?
True
Is 93402311 composite?
False
Is 5689875167 a composite number?
False
Is 28197047149 composite?
False
Is 9717985157 a prime number?
False
Is 3645177883 prime?
True
Is 2755513037 a composite number?
False
Is 693106049 composite?
False
Is 871287115 composite?
True
Is 2177660039 a prime number?
True
Is 4889190289 a prime number?
True
Is 350700277 prime?
False
Is 5531258409 prime?
False
Is 244264609 a prime number?
False
Is 463874381 composite?
False
Is 112423153 a prime number?
True
Is 1317509173 composite?
True
Is 403993379 prime?
False
Is 84955243 a prime number?
True
Is 9690015679 a prime number?
False
Is 3944346019 composite?
True
Is 6371513879 a prime number?
False
Is 33973573 a composite number?
False
Is 510020647 a composite number?
False
Is 571883136085 a composite number?
True
Is 41021945 a prime number?
False
Is 833768587 a prime number?
False
Is 103046454031 composite?
False
Is 14663045147 a prime number?
True
Is 326225467 a prime number?
True
Is 42318595841 a composite number?
True
Is 107287866899 prime?
True
Is 90821712649 composite?
False
Is 6620922349 prime?
True
Is 56968451183 a composite number?
True
Is 18471499181 prime?
True
Is 906809377 a composite number?
False
Is 10964737661 prime?
True
Is 21004949653 composite?
True
Is 581625167 a composite number?
True
Is 14796309643 a prime number?
True
Is 2416955963 a composite number?
False
Is 1418246237 composite?
False
Is 21324322238 prime?
False
Is 445722461 composite?
True
Is 88972559023 a prime number?
False
Is 1223601529 prime?
True
Is 51667381253 prime?
True
Is 62502673469 prime?
True
Is 5917184759 a composite number?
False
Is 3604410541 a composite number?
True
Is 847540927 a prime number?
True
Is 4454199307 a prime number?
True
Is 4538852053 a composite number?
True
Is 28971114223 a prime number?
True
Is 7063003757 composite?
False
Is 6682436183 a prime number?
False
Is 50173121 prime?
True
Is 96667356529 a composite number?
False
Is 1325306077 prime?
False
Is 20604951526 a composite number?
True
Is 16861092419 a prime number?
True
Is 32554618181 composite?
False
Is 3456199631 composite?
False
Is 1378488263 a composite number?
True
Is 124461955 prime?
False
Is 22409960177 composite?
True
Is 5913495901 a composite number?
False
Is 44830688011 a composite number?
True
Is 4236849781 composite?
False
Is 1200204191 a prime number?
True
Is 87335313269 prime?
True
Is 5131099097 prime?
True
Is 382124014 prime?
False
Is 1024238767 composite?
False
Is 4776966199 a composite number?
True
Is 4534731143 composite?
False
Is 847869095 composite?
True
Is 3848565541 a composite number?
False
Is 5958820771 a prime number?
False
Is 70172194657 prime?
False
Is 6791561963 prime?
True
Is 4680318473 a prime number?
True
Is 5267587499 composite?
False
Is 5519790385 composite?
True
Is 2498961083 a composite number?
True
Is 574102279 composite?
False
Is 74870455363 composite?
True
Is 49753157 a composite number?
False
Is 342323